0110
Convert -220c1 (base 15) to base 6.
-2152501
What is bb461 (base 13) in base 11?
211847
-536522 (base 12) to base 10
-1317482
Convert 100110100100111111 (base 2) to base 15.
31c45
Convert -3004410 (base 5) to base 3.
-2102010112
What is -231101 (base 12) in base 13?
-1688c2
Convert -26021242 (base 9) to base 16.
-c2d57b
Convert 1136824 (base 9) to base 4.
2112030301
Convert -11335 (base 7) to base 11.
-2212
11000102000 (base 3) to base 4
103102311
Convert 3210b (base 16) to base 10.
205067
What is -584027 (base 9) in base 6?
-11303254
What is -163641 (base 12) in base 13?
-103885
What is 303411 (base 6) in base 15?
7237
What is -200022320200 (base 4) in base 14?
-1197464
-237260 (base 9) to base 5
-14034400
2b86c (base 15) to base 2
100010001111110101
22267 (base 11) to base 5
2013014
-a85495 (base 11) to base 13
-489875
What is 201011212220112 (base 3) in base 13?
215b9a6
What is 121002121220 (base 3) in base 5?
40114332
Convert 417218 (base 9) to base 11.
15a3a0
Convert -23403221 (base 7) to base 2.
-111111000111110110011
What is 103020113 (base 5) in base 2?
1101011000111111111
-10844646 (base 10) to base 6
-1024234410
Convert -1317586 (base 9) to base 16.
-aff5f
What is b2a8 (base 13) in base 9?
36721
What is -315164 (base 7) in base 11?
-38056
Convert 12366132 (base 8) to base 13.
75273a
Convert 45420242 (base 6) to base 9.
2543318
Convert 1243202341 (base 5) to base 8.
13647272
2353162 (base 9) to base 2
100110111010100010110
-16191 (base 16) to base 4
-112012101
What is -6671111 (base 8) in base 6?
-102315241
-11441527 (base 9) to base 2
-10101010001110100011001
What is -74525 (base 15) in base 8?
-1320613
Convert -5a0843 (base 11) to base 3.
-1210101211110
7079dd (base 15) to base 14
9d0867
-12ba04 (base 12) to base 11
-1a2526
Convert -1700593 (base 10) to base 7.
-20311666
15b22 (base 13) to base 5
2311213
11263165 (base 9) to base 8
24703631
112020202102222 (base 3) to base 7
121241141
What is -143002 (base 9) in base 10?
-87482
Convert -14026335 (base 7) to base 13.
-367332
Convert -5666381 (base 10) to base 9.
-11585728
1228273 (base 9) to base 6
22155533
What is -185250 (base 9) in base 4?
-130022331
What is 305312551 (base 6) in base 12?
1935757
What is -42242645 (base 7) in base 2?
-1101101000011111000101
What is 472515 (base 8) in base 15?
32b01
38254 (base 10) to base 5
2211004
-101436 (base 8) to base 5
-2033231
Convert 4648872 (base 11) to base 12.
2878849
-206183 (base 10) to base 6
-4230315
10010100001100010 (base 2) to base 5
4411444
Convert -4553105 (base 6) to base 11.
-1498a1
What is 110221122122 (base 3) in base 11?
164565
Convert 782b45 (base 14) to base 13.
acacab
333b72 (base 12) to base 9
1472655
-133013334 (base 5) to base 14
-137373
Convert -7a108c (base 15) to base 16.
-58e366
Convert -21000121 (base 4) to base 12.
-19421
What is -3331020233 (base 4) in base 7?
-11545610
What is b662b (base 14) in base 12?
19293b
22641 (base 14) to base 6
1442453
Convert -11212001022112 (base 3) to base 4.
-21311233220
Convert 573058 (base 11) to base 10.
911798
What is -10000001010110000000100 (base 2) in base 10?
-4238340
What is -c0de (base 16) in base 7?
-263643
Convert 10457202 (base 9) to base 11.
2944639
What is 4425151 (base 6) in base 8?
660433
What is 9a879 (base 12) in base 8?
620535
-382687 (base 11) to base 9
-1120178
Convert 133217 (base 8) to base 16.
b68f
-21222212010202 (base 3) to base 11
-2442137
What is 568090 (base 12) in base 4?
11101201230
16265205 (base 7) to base 3
2222020100200
What is 10311020 (base 5) in base 14?
24244
Convert 4da70 (base 15) to base 3.
110122012020
What is 1201321122 (base 5) in base 8?
12420123
What is -3079842 (base 11) in base 8?
-24555623
Convert -22781 (base 11) to base 9.
-50083
What is 6ddd8 (base 16) in base 14?
b9dd6
What is 24ab0 (base 12) in base 7?
265434
Convert -8c8a1 (base 13) to base 16.
-3e94f
Convert -10100414240 (base 5) to base 13.
-2151026
-3303310 (base 6) to base 16
-280da
What is -10220012020 (base 3) in base 6?
-1351010
What is 140154034 (base 6) in base 10?
2814502
What is -21031 (base 12) in base 5?
-2340422
133530022 (base 6) to base 14
504a86
Convert -33013320033 (base 4) to base 6.
-220545503
Convert -200042451 (base 6) to base 14.
-63846b
-1022121110011 (base 3) to base 16
-ab1e1
-1d74d65 (base 14) to base 5
-12242210043
What is -266234605 (base 7) in base 3?
-1012101211100201
What is 1c8642 (base 13) in base 9?
1336026
1110221222000 (base 3) to base 11
497a59
-1387640 (base 9) to base 15
-102286
3712472 (base 8) to base 3
1220212212210
What is 20476242 (base 8) in base 2?
10000100111110010100010
Convert -3024102300 (base 5) to base 10.
-6081575
What is 1ba36 (base 15) in base 5?
10340201
Convert -12820965 (base 10) to base 12.
-4363659
What is -ba7373 (base 12) in base 10?
-2957127
What is -8288571 (base 10) in base 7?
-130310634
What is 100202240 (base 5) in base 15?
7ca4a
What is -1123500015 (base 6) in base 9?
-25455312
-200113331131 (base 4) to base 5
-4133033444
Convert 2146058 (base 10) to base 9.
4030748
What is 572741 (base 9) in base 8?
1236302
What is -331438 (base 12) in base 5?
-201423202
-2ae120 (base 15) to base 9
-3807843
-48921c (base 16) to base 7
-55265610
Convert -70b42 (base 12) to base 14.
-3b6ca
What is -3a368 (base 13) in base 4?
-122123112
What is -5bfe95 (base 16) in base 4?
-112333322111
Convert -100011100100110111 (base 2) to base 4.
-203210313
1070501 (base 8) to base 5
33304022
Convert -3547721 (base 11) to base 15.
-823a44
Convert 258483 (base 14) to base 5.
312244304
What is 12120201110021 (base 3) in base 6?
143330224
Convert 7121125 (base 8) to base 13.
5091c2
-960ec (base 16) to base 10
-614636
What is -114ab4 (base 15) in base 16?
-c9a3f
What is -10343421102 (base 5) in base 12?
-3955709
-164272 (base 10) to base 6
-3304304
What is -2202361 (base 7) in base 8?
-1016734
699042 (base 12) to base 16
19ddf2
Convert -187638 (base 9) to base 7.
-665402
What is -433053 (base 7) in base 8?
-223352
What is -22314004 (base 5) in base 11?
-125844
15502331 (base 7) to base 14
2ad618
201325242 (base 7) to base 10
11704317
What is 215654 (base 14) in base 15?
1747de
Convert -1001200032301 (base 4) to base 16.
-10603b1
Convert 9a030 (base 12) to base 8.
616244
Convert -102222122110101 (base 3) to base 13.
-142073b
Convert 20110121212 (base 3) to base 4.
133011011
What is 7a9b13 (base 12) in base 15?
28c940
Convert a3799 (base 13) to base 2.
1000111101010000110
-4c7cee (base 16) to base 13
-1066809
Convert -33040320 (base 7) to base 5.
-1211131331
312425355 (base 6) to base 4
110301311213
What is -110101100100000110011 (base 2) in base 5?
-422131222
11b9941 (base 12) to base 4
31101210001
What is 11010000011000011111 (base 2) in base 13?
23b667
What is 4211664 (base 7) in base 12?
2056a6
What is 2043487 (base 9) in base 3?
2001110112221
Convert 2121122001122 (base 3) to base 5.
323441442
Convert -202c1b (base 14) to base 15.
-166093
What is -2b365 (base 12) in base 8?
-167075
-111111111110010101 (base 2) to base 16
-3ff95
What is 116631 (base 7) in base 15?
65dc
Convert 10111053 (base 8) to base 16.
20922b
What is 221100022001 (base 3) in base 5?
111430403
Convert -100432315 (base 7) to base 15.
-7a55d7
-72957 (base 10) to base 15
-1693c
What is 1001111 (base 5) in base 10?
15781
-227ab (base 13) to base 15
-13945
Convert -39968 (base 13) to base 14.
-2b035
Convert 1aa9956 (base 11) to base 10.
3541610
101111111110011010111001 (base 2) to base 9
25587563
-14254454 (base 6) to base 5
-111132014
What is -5b0360 (base 12) in base 8?
-5474370
What is 643074 (base 9) in base 7?
3153004
105b68 (base 16) to base 5
233300401
9dc6 (base 16) to base 2
1001110111000110
Convert -a72d54 (base 14) to base 11.
-3212978
Convert -135750 (base 8) to base 6.
-1010412
Convert -110110011011 (base 2) to base 13.
-177c
What is -c72eb (base 16) in base 12?
-334177
Convert -22416236 (base 7) to base 10.
-1954196
Convert -11450562 (base 7) to base 12.
-412836
-1ac9d (base 14) to base 4
-100223323
-302021344 (base 5) to base 2
-100100110000101110111
-1523280 (base 10) to base 4
-11303321100
31460 (base 16) to base 14
537a0
Convert -36c9e (base 15) to base 9.
-286015
What is 115364 (base 8) in base 6?
503352
Convert 118942 (base 10) to base 8.
350236